{"id":154,"date":"2023-12-19T21:11:16","date_gmt":"2023-12-19T21:11:16","guid":{"rendered":"https:\/\/ecsh.pt\/?page_id=154"},"modified":"2025-01-21T16:58:27","modified_gmt":"2025-01-21T16:58:27","slug":"quem-somos","status":"publish","type":"page","link":"https:\/\/ecsh.pt\/?page_id=154","title":{"rendered":"Quem Somos"},"content":{"rendered":"\t\t<div data-elementor-type=\"wp-page\" data-elementor-id=\"154\" class=\"elementor elementor-154\">\n\t\t\t\t<div class=\"elementor-element elementor-element-a655320 e-flex e-con-boxed e-con e-parent\" data-id=\"a655320\" data-element_type=\"container\">\n\t\t\t\t\t<div class=\"e-con-inner\">\n\t\t<div class=\"elementor-element elementor-element-689d39c e-con-full e-flex e-con e-child\" data-id=\"689d39c\" data-element_type=\"container\">\n\t\t\t\t<\/div>\n\t\t<div class=\"elementor-element elementor-element-df71fa2 e-con-full e-flex e-con e-child\" data-id=\"df71fa2\" data-element_type=\"container\">\n\t\t\t\t<div class=\"elementor-element elementor-element-a27981a elementor-widget elementor-widget-image\" data-id=\"a27981a\" data-element_type=\"widget\" data-widget_type=\"image.default\">\n\t\t\t\t<div class=\"elementor-widget-container\">\n\t\t\t\t\t\t\t\t\t\t\t\t\t\t\t\t<a href=\"https:\/\/ecsh.pt\/?page_id=22\">\n\t\t\t\t\t\t\t<img fetchpriority=\"high\" decoding=\"async\" width=\"843\" height=\"342\" src=\"https:\/\/ecsh.pt\/wp-content\/uploads\/2023\/12\/cropped-ECSH_Logo-01-1024x415.png\" class=\"attachment-large size-large wp-image-17\" alt=\"\" srcset=\"https:\/\/ecsh.pt\/wp-content\/uploads\/2023\/12\/cropped-ECSH_Logo-01-1024x415.png 1024w, https:\/\/ecsh.pt\/wp-content\/uploads\/2023\/12\/cropped-ECSH_Logo-01-300x122.png 300w, https:\/\/ecsh.pt\/wp-content\/uploads\/2023\/12\/cropped-ECSH_Logo-01-768x311.png 768w, https:\/\/ecsh.pt\/wp-content\/uploads\/2023\/12\/cropped-ECSH_Logo-01-1536x623.png 1536w, https:\/\/ecsh.pt\/wp-content\/uploads\/2023\/12\/cropped-ECSH_Logo-01-2048x830.png 2048w\" sizes=\"(max-width: 843px) 100vw, 843px\" \/>\t\t\t\t\t\t\t\t<\/a>\n\t\t\t\t\t\t\t\t\t\t\t\t\t\t\t<\/div>\n\t\t\t\t<\/div>\n\t\t\t\t<\/div>\n\t\t<div class=\"elementor-element elementor-element-662cb5a e-con-full e-flex e-con e-child\" data-id=\"662cb5a\" data-element_type=\"container\">\n\t\t\t\t<div class=\"elementor-element elementor-element-9cb905e elementor-widget__width-initial elementor-widget elementor-widget-text-editor\" data-id=\"9cb905e\" data-element_type=\"widget\" data-widget_type=\"text-editor.default\">\n\t\t\t\t<div class=\"elementor-widget-container\">\n\t\t\t\t\t\t\t\t\t<p><a href=\"https:\/\/ecsh.pt\/?page_id=154\">PT<\/a> | <a href=\"https:\/\/ecsh.pt\/?page_id=319\">EN<\/a><\/p>\t\t\t\t\t\t\t\t<\/div>\n\t\t\t\t<\/div>\n\t\t\t\t<\/div>\n\t\t\t\t\t<\/div>\n\t\t\t\t<\/div>\n\t\t<div class=\"elementor-element elementor-element-25a3924 e-con-full e-transform e-flex e-con e-parent\" data-id=\"25a3924\" data-element_type=\"container\" data-settings=\"{&quot;background_background&quot;:&quot;gradient&quot;,&quot;_transform_scale_effect&quot;:{&quot;unit&quot;:&quot;px&quot;,&quot;size&quot;:1,&quot;sizes&quot;:[]},&quot;_transform_scale_effect_tablet&quot;:{&quot;unit&quot;:&quot;px&quot;,&quot;size&quot;:&quot;&quot;,&quot;sizes&quot;:[]},&quot;_transform_scale_effect_mobile&quot;:{&quot;unit&quot;:&quot;px&quot;,&quot;size&quot;:&quot;&quot;,&quot;sizes&quot;:[]}}\">\n\t\t\t\t<div class=\"elementor-element elementor-element-0b1ba1f elementor-widget__width-inherit elementor-widget elementor-widget-text-editor\" data-id=\"0b1ba1f\" data-element_type=\"widget\" data-widget_type=\"text-editor.default\">\n\t\t\t\t<div class=\"elementor-widget-container\">\n\t\t\t\t\t\t\t\t\t<p><a href=\"https:\/\/ecsh.pt\/?page_id=154\">Quem Somos\u00a0<\/a> \u00a0 \u00a0 <a href=\"https:\/\/ecsh.pt\/?page_id=274\">Servi\u00e7os<\/a>\u00a0 \u00a0 \u00a0<a href=\"https:\/\/ecsh.pt\/?page_id=197\">Not\u00edcias<\/a>\u00a0 \u00a0 \u00a0<a href=\"https:\/\/ecsh.pt\/?page_id=220\">Projetos<\/a><\/p>\t\t\t\t\t\t\t\t<\/div>\n\t\t\t\t<\/div>\n\t\t\t\t<\/div>\n\t\t<div class=\"elementor-element elementor-element-f4b80e1 e-con-full e-flex e-con e-parent\" data-id=\"f4b80e1\" data-element_type=\"container\">\n\t\t\t\t<div class=\"elementor-element elementor-element-5a35bb7 elementor-widget__width-inherit elementor-widget elementor-widget-shortcode\" data-id=\"5a35bb7\" data-element_type=\"widget\" data-widget_type=\"shortcode.default\">\n\t\t\t\t<div class=\"elementor-widget-container\">\n\t\t\t\t\t\t\t<div class=\"elementor-shortcode\"><\/div>\n\t\t\t\t\t\t<\/div>\n\t\t\t\t<\/div>\n\t\t\t\t<\/div>\n\t\t<div class=\"elementor-element elementor-element-f069677 e-con-full e-flex e-con e-parent\" data-id=\"f069677\" data-element_type=\"container\">\n\t\t<div class=\"elementor-element elementor-element-df70ccd e-con-full e-flex e-con e-child\" data-id=\"df70ccd\" data-element_type=\"container\">\n\t\t\t\t<\/div>\n\t\t<div class=\"elementor-element elementor-element-f20ff1b e-con-full e-flex e-con e-child\" data-id=\"f20ff1b\" data-element_type=\"container\">\n\t\t\t\t<div class=\"elementor-element elementor-element-7f13287 elementor-widget__width-initial elementor-widget elementor-widget-text-editor\" data-id=\"7f13287\" data-element_type=\"widget\" data-widget_type=\"text-editor.default\">\n\t\t\t\t<div class=\"elementor-widget-container\">\n\t\t\t\t\t\t\t\t\t<p>Bem-vindo \u00e0 Escola de Ci\u00eancias Sociais e Humanas, um espa\u00e7o escolar din\u00e2mico e vibrante que se dedica \u00e0 explora\u00e7\u00e3o e compreens\u00e3o das complexidades que moldam a sociedade e a condi\u00e7\u00e3o humana. Na nossa escola temos um ambiente de aprendizagem enriquecedor, onde o conhecimento \u00e9 constru\u00eddo e aplicado para enfrentar os desafios contempor\u00e2neos.<\/p>\t\t\t\t\t\t\t\t<\/div>\n\t\t\t\t<\/div>\n\t\t\t\t<div class=\"elementor-element elementor-element-7bc0cb4 elementor-widget elementor-widget-heading\" data-id=\"7bc0cb4\" data-element_type=\"widget\" data-widget_type=\"heading.default\">\n\t\t\t\t<div class=\"elementor-widget-container\">\n\t\t\t\t\t<h2 class=\"elementor-heading-title elementor-size-default\">Miss\u00e3o<\/h2>\t\t\t\t<\/div>\n\t\t\t\t<\/div>\n\t\t\t\t<div class=\"elementor-element elementor-element-49853bd elementor-widget__width-initial elementor-widget elementor-widget-text-editor\" data-id=\"49853bd\" data-element_type=\"widget\" data-widget_type=\"text-editor.default\">\n\t\t\t\t<div class=\"elementor-widget-container\">\n\t\t\t\t\t\t\t\t\t<p>O nosso compromisso \u00e9 fomentar a excel\u00eancia do ensino, promover a pesquisa inovadora e cultivar uma comunidade que valorize a diversidade de cultural. Procuramos inspirar uma nova gera\u00e7\u00e3o de l\u00edderes, pensadores cr\u00edticos e agentes de mudan\u00e7a social.<\/p>\t\t\t\t\t\t\t\t<\/div>\n\t\t\t\t<\/div>\n\t\t\t\t<div class=\"elementor-element elementor-element-a387b59 elementor-widget elementor-widget-heading\" data-id=\"a387b59\" data-element_type=\"widget\" data-widget_type=\"heading.default\">\n\t\t\t\t<div class=\"elementor-widget-container\">\n\t\t\t\t\t<h2 class=\"elementor-heading-title elementor-size-default\">Cursos Inovadores<\/h2>\t\t\t\t<\/div>\n\t\t\t\t<\/div>\n\t\t\t\t<div class=\"elementor-element elementor-element-4f6c8a8 elementor-widget__width-initial elementor-widget elementor-widget-text-editor\" data-id=\"4f6c8a8\" data-element_type=\"widget\" data-widget_type=\"text-editor.default\">\n\t\t\t\t<div class=\"elementor-widget-container\">\n\t\t\t\t\t\t\t\t\t<p>Oferecemos uma variedade de cursos inovadores que n\u00e3o apenas exploram as teorias fundamentais, mas tamb\u00e9m conectam o conhecimento \u00e0s quest\u00f5es sociais contempor\u00e2neas. Os nossos cursos s\u00e3o projetados para fomentar a curiosidade intelectual e preparar os alunos para os desafios do mundo real.<\/p>\t\t\t\t\t\t\t\t<\/div>\n\t\t\t\t<\/div>\n\t\t\t\t<div class=\"elementor-element elementor-element-805d44c elementor-widget elementor-widget-heading\" data-id=\"805d44c\" data-element_type=\"widget\" data-widget_type=\"heading.default\">\n\t\t\t\t<div class=\"elementor-widget-container\">\n\t\t\t\t\t<h2 class=\"elementor-heading-title elementor-size-default\">Cultura Inclusiva<\/h2>\t\t\t\t<\/div>\n\t\t\t\t<\/div>\n\t\t\t\t<div class=\"elementor-element elementor-element-df8415e elementor-widget__width-initial elementor-widget elementor-widget-text-editor\" data-id=\"df8415e\" data-element_type=\"widget\" data-widget_type=\"text-editor.default\">\n\t\t\t\t<div class=\"elementor-widget-container\">\n\t\t\t\t\t\t\t\t\t<p>Acreditamos numa cultura inclusiva que celebra a diversidade. A nossa escola \u00e9 um espa\u00e7o acolhedor para alunos de todas as origens, onde cada voz \u00e9 valorizada. Incentivamos o di\u00e1logo interdisciplinar, a colabora\u00e7\u00e3o e a troca de ideias.<\/p>\t\t\t\t\t\t\t\t<\/div>\n\t\t\t\t<\/div>\n\t\t\t\t<div class=\"elementor-element elementor-element-4a82387 elementor-widget elementor-widget-heading\" data-id=\"4a82387\" data-element_type=\"widget\" data-widget_type=\"heading.default\">\n\t\t\t\t<div class=\"elementor-widget-container\">\n\t\t\t\t\t<h2 class=\"elementor-heading-title elementor-size-default\">Compromisso Social<\/h2>\t\t\t\t<\/div>\n\t\t\t\t<\/div>\n\t\t\t\t<div class=\"elementor-element elementor-element-df71e29 elementor-widget__width-initial elementor-widget elementor-widget-text-editor\" data-id=\"df71e29\" data-element_type=\"widget\" data-widget_type=\"text-editor.default\">\n\t\t\t\t<div class=\"elementor-widget-container\">\n\t\t\t\t\t\t\t\t\t<p>N\u00e3o somos apenas uma institui\u00e7\u00e3o de ensino; somos agentes de mudan\u00e7a social. Atrav\u00e9s de programas de responsabilidade social, est\u00e1gios pr\u00e1ticos e envolvimento com a comunidade, capacitamos os nossos alunos a aplicarem seus conhecimentos em prol do bem-estar social.<\/p>\t\t\t\t\t\t\t\t<\/div>\n\t\t\t\t<\/div>\n\t\t\t\t<div class=\"elementor-element elementor-element-3442986 elementor-widget elementor-widget-heading\" data-id=\"3442986\" data-element_type=\"widget\" data-widget_type=\"heading.default\">\n\t\t\t\t<div class=\"elementor-widget-container\">\n\t\t\t\t\t<h2 class=\"elementor-heading-title elementor-size-default\">Oportunidades de Desenvolvimento Profissional<\/h2>\t\t\t\t<\/div>\n\t\t\t\t<\/div>\n\t\t\t\t<div class=\"elementor-element elementor-element-b3a5b47 elementor-widget__width-initial elementor-widget elementor-widget-text-editor\" data-id=\"b3a5b47\" data-element_type=\"widget\" data-widget_type=\"text-editor.default\">\n\t\t\t\t<div class=\"elementor-widget-container\">\n\t\t\t\t\t\t\t\t\t<p>Al\u00e9m dos cursos, oferecemos oportunidades de desenvolvimento profissional, desde orienta\u00e7\u00e3o de carreira, at\u00e9 est\u00e1gios que ligam os alunos ao mercado de trabalho.<\/p>\t\t\t\t\t\t\t\t<\/div>\n\t\t\t\t<\/div>\n\t\t\t\t<div class=\"elementor-element elementor-element-a4e6b0f elementor-widget elementor-widget-image\" data-id=\"a4e6b0f\" data-element_type=\"widget\" data-widget_type=\"image.default\">\n\t\t\t\t<div class=\"elementor-widget-container\">\n\t\t\t\t\t\t\t\t\t\t\t\t\t\t\t<img decoding=\"async\" src=\"https:\/\/ecsh.pt\/wp-content\/uploads\/elementor\/thumbs\/Website-09-1-qh3grk8m47xztcfe0kz2gbmls34ps74syv172lreii.png\" title=\"Website-09\" alt=\"Website-09\" loading=\"lazy\" \/>\t\t\t\t\t\t\t\t\t\t\t\t\t\t\t<\/div>\n\t\t\t\t<\/div>\n\t\t\t\t<div class=\"elementor-element elementor-element-5a2249c elementor-widget__width-initial elementor-widget elementor-widget-text-editor\" data-id=\"5a2249c\" data-element_type=\"widget\" data-widget_type=\"text-editor.default\">\n\t\t\t\t<div class=\"elementor-widget-container\">\n\t\t\t\t\t\t\t\t\t<p>Seja parte da nossa comunidade de ensino, onde o conhecimento se transforma em a\u00e7\u00e3o e a compreens\u00e3o profunda \u00e9 a chave para um futuro mais justo e equitativo.&nbsp;<\/p><p>Na Escola de Ci\u00eancias Sociais e Humanas, estamos comprometidos em moldar o pensamento cr\u00edtico e inspirar mudan\u00e7as significativas na sociedade.<\/p>\n<p>Junte-se a n\u00f3s nesta jornada de descoberta e impacto social.<\/p>\t\t\t\t\t\t\t\t<\/div>\n\t\t\t\t<\/div>\n\t\t\t\t<\/div>\n\t\t<div class=\"elementor-element elementor-element-b52d0f3 e-con-full e-flex e-con e-child\" data-id=\"b52d0f3\" data-element_type=\"container\">\n\t\t\t\t<\/div>\n\t\t\t\t<\/div>\n\t\t<div class=\"elementor-element elementor-element-f7834b0 e-con-full e-flex e-con e-parent\" data-id=\"f7834b0\" data-element_type=\"container\" data-settings=\"{&quot;background_background&quot;:&quot;gradient&quot;}\">\n\t\t<div class=\"elementor-element elementor-element-a96113e e-con-full e-flex e-con e-child\" data-id=\"a96113e\" data-element_type=\"container\">\n\t\t\t\t<\/div>\n\t\t<div class=\"elementor-element elementor-element-6f7d779 e-con-full e-flex e-con e-child\" data-id=\"6f7d779\" data-element_type=\"container\">\n\t\t\t\t<div class=\"elementor-element elementor-element-e53d6f6 elementor-widget elementor-widget-image\" data-id=\"e53d6f6\" data-element_type=\"widget\" data-widget_type=\"image.default\">\n\t\t\t\t<div class=\"elementor-widget-container\">\n\t\t\t\t\t\t\t\t\t\t\t\t\t\t\t<img decoding=\"async\" src=\"https:\/\/ecsh.pt\/wp-content\/uploads\/elementor\/thumbs\/ECSH_Logo_Branco-qh246sg77rugwee0hwpinnsc0nyn1qrvxs6b28r5co.png\" title=\"ECSH_Logo_Branco\" alt=\"ECSH_Logo_Branco\" loading=\"lazy\" \/>\t\t\t\t\t\t\t\t\t\t\t\t\t\t\t<\/div>\n\t\t\t\t<\/div>\n\t\t\t\t<div class=\"elementor-element elementor-element-2865dba elementor-widget elementor-widget-text-editor\" data-id=\"2865dba\" data-element_type=\"widget\" data-widget_type=\"text-editor.default\">\n\t\t\t\t<div class=\"elementor-widget-container\">\n\t\t\t\t\t\t\t\t\t<p>Rua do Conde de Ferreira, n\u00ba 208, <br \/>Bonfim 4000-222 Porto<br \/>geral@ecsh.pt<br \/>+351 225 372 769<\/p>\t\t\t\t\t\t\t\t<\/div>\n\t\t\t\t<\/div>\n\t\t\t\t<\/div>\n\t\t<div class=\"elementor-element elementor-element-271a689 e-con-full e-flex e-con e-child\" data-id=\"271a689\" data-element_type=\"container\">\n\t\t\t\t<\/div>\n\t\t\t\t<\/div>\n\t\t\t\t<\/div>\n\t\t","protected":false},"excerpt":{"rendered":"<p>PT | EN Quem Somos\u00a0 \u00a0 \u00a0 Servi\u00e7os\u00a0 \u00a0 \u00a0Not\u00edcias\u00a0 \u00a0 \u00a0Projetos Bem-vindo \u00e0 Escola de Ci\u00eancias Sociais e Humanas, um espa\u00e7o escolar din\u00e2mico e&hellip;<\/p>\n","protected":false},"author":1,"featured_media":0,"parent":0,"menu_order":0,"comment_status":"closed","ping_status":"closed","template":"elementor_canvas","meta":{"footnotes":""},"class_list":["post-154","page","type-page","status-publish","hentry"],"_links":{"self":[{"href":"https:\/\/ecsh.pt\/index.php?rest_route=\/wp\/v2\/pages\/154","targetHints":{"allow":["GET"]}}],"collection":[{"href":"https:\/\/ecsh.pt\/index.php?rest_route=\/wp\/v2\/pages"}],"about":[{"href":"https:\/\/ecsh.pt\/index.php?rest_route=\/wp\/v2\/types\/page"}],"author":[{"embeddable":true,"href":"https:\/\/ecsh.pt\/index.php?rest_route=\/wp\/v2\/users\/1"}],"replies":[{"embeddable":true,"href":"https:\/\/ecsh.pt\/index.php?rest_route=%2Fwp%2Fv2%2Fcomments&post=154"}],"version-history":[{"count":55,"href":"https:\/\/ecsh.pt\/index.php?rest_route=\/wp\/v2\/pages\/154\/revisions"}],"predecessor-version":[{"id":666,"href":"https:\/\/ecsh.pt\/index.php?rest_route=\/wp\/v2\/pages\/154\/revisions\/666"}],"wp:attachment":[{"href":"https:\/\/ecsh.pt\/index.php?rest_route=%2Fwp%2Fv2%2Fmedia&parent=154"}],"curies":[{"name":"wp","href":"https:\/\/api.w.org\/{rel}","templated":true}]}}